s(2). Suppose 5*x - u*x - 4*f - 134 = 0, 0 = 3*x + f - i. What is the tens digit of x?
6
Let r(y) = -2174*y + 2547. What is the hundreds digit of r(-4)?
2
Suppose -3*b - 2*b + 449375 = 20*b. What is the ten thousands digit of b?
1
Let c(g) = g**2 - 23*g - 75. Let y be c(12). Let l = -21 - y. What is the tens digit of l?
8
Suppose -182*y - 5*r = -177*y - 33835, -3*y = -r - 20285. What is the hundreds digit of y?
7
Suppose 191*r - 341680 - 153230 = -4*r. What is the hundreds digit of r?
5
Let t(u) = -13*u + 29. Let m be t(2). Suppose m*k = -7*k + 4650. What is the tens digit of k?
6
Suppose 0 = 11*v + 2*b - 5*b - 96337, -3*v + 26303 = -5*b. What is the hundreds digit of v?
7
Let f(q) = q**3 - 25*q**2 - 1266*q + 11. What is the thousands digit of f(58)?
7
Let m(v) = v**3 + 7*v**2 + 2*v - 15. Let a be m(-10). Let f = -518 - a. Let n = -51 - f. What is the tens digit of n?
3
Suppose h = -0*h + 8*h. Suppose z + 11 = -h*f + 3*f, 3*f = 4*z - 1. Suppose 110 = f*s - 590. What is the units digit of s?
0
Suppose 2*u + 3*f - 6 = 0, -4*u + 4 = f + 2. Suppose i - 3*i = u. Let l(s) = -s + 142. What is the units digit of l(i)?
2
Suppose -147*s - 78 = -148*s. Let n = s + 456. What is the units digit of n?
4
Let k = -9709 - -19142. What is the tens digit of k?
3
Let q = 31428 - 18641. What is the hundreds digit of q?
7
Suppose 16 = -4*b, -3*m + 0*b = -b - 202. Suppose 5*u + 2*a - 113 = 0, 3*a + 0*a = -3*u + m. Suppose 7*o = 8*o - u. What is the tens digit of o?
2
Let o(w) = w**2 + 101*w + 1053. What is the tens digit of o(73)?
5
What is the units digit of 217/(-62) + 137336/16?
0
Let w be 7541*7/35*5. Suppose 2*o - 1601 = -q, -4*q = -4*o + 1137 - w. What is the tens digit of q?
0
Let r be (-10)/(30/33) + (-8 - -2). What is the hundreds digit of (-14 + 115)/(2 - (-33)/r)?
7
Let v = -558 - 70. Let h = v - -1059. What is the units digit of h?
1
Let y = -2 - -36. Let p = y - 31. Suppose -o - g = -5 - 48, p*g + 12 = 0. What is the units digit of o?
7
Let h(b) = 5*b**3 - 7*b**2 + 8*b - 2. Let p = 112 - 172. Let o be p/(-50)*10/3. What is the units digit of h(o)?
8
Suppose 32*b = 28*b - 9*t + 75196, -3*b - 5*t = -56390. What is the hundreds digit of b?
7
Suppose 2*b = -7 - 19. What is the hundreds digit of 796 + 6 + b/1?
7
Let w(k) = k**3 + 8*k**2 + 14*k - 1. Let z be w(-5). Suppose z*m = 4*d + 472, 0 = m - 5*d - 39 - 71. What is the hundreds digit of m?
1
What is the tens digit of 8747688/666*(-3)/(-4)?
5
Suppose 3*y = -5*m - 180, 4*y - 145 = 12*m - 7*m. Suppose -h + 151 = j + 4*h, 5*j - 5*h - 635 = 0. Let r = m + j. What is the tens digit of r?
9
Let o = 114578 - 56353. What is the tens digit of o?
2
Let v be (5*497/(-14))/((-2)/4). Let y = 623 - 119. Let k = y - v. What is the hundreds digit of k?
1
Let s(z) = z**3 + 8*z**2 - 7*z + 13. Suppose b - 4*l - 1 = 0, -2*l - 2 = -b + l. Suppose -b*f - 14 = -3*f. What is the tens digit of s(f)?
1
Suppose 16*z = -38*z + 4678 + 18272. What is the tens digit of z?
2
What is the thousands digit of 11387 + (-1)/(-2 + 1) + (19 - 17)?
1
Suppose 13*t + 182 = 6*t. Let h = 29 + t. Suppose -27 = -h*v + 21. What is the units digit of v?
6
Let m(u) = -9*u + 4 - 10*u - u**2 + 10*u. Let w be m(-9). Suppose -w*t - 72 = -y, t - 5*t = 4*y - 188. What is the tens digit of y?
5
Suppose 26*i = 21*i. Suppose m - 2*t + 35 = i, 2*m + 3*t + 106 - 29 = 0. Let y = m - -59. What is the tens digit of y?
2
Let z(u) = 3*u**2 + 7*u - 30. Let c be (-28)/(-3) + 1*7/(-21). What is the tens digit of z(c)?
7
Suppose -5*i + 26814 = 2*j, 4*i - 4*j - 19353 = 2087. What is the thousands digit of i?
5
Let q(o) = 53*o**3 - 3*o + 3*o + 2 + 0 - 2*o. Suppose 0*c = -2*c + 2. What is the units digit of q(c)?
3
Suppose 0 = 3*x - 3*q + 15 - 48, -q = 3*x - 41. Suppose 0 = h + 65 - x. What is the tens digit of 4/(-2) - h/2?
2
Let p(z) = -35*z - 4. Let h be p(-4). Let r = 543 + -611. Let u = h + r. What is the tens digit of u?
6
Suppose -29*v + 3*b = -25*v - 32103, 5*v - 40130 = 5*b. What is the units digit of v?
5
Let j = -49 - -74. Let d = 39 - j. What is the tens digit of d?
1
Let z = 13233 - 6723. Suppose 70*w = 60*w + z. What is the tens digit of w?
5
Let r(c) = 7*c - 2. Let p be r(1). Suppose 13*u = p*u + 32. Suppose 2*s + 2*f + 0*f - 236 = 0, 133 = s + u*f. What is the hundreds digit of s?
1
Suppose 48*u - n = 49*u - 77446, -2*n + 6 = 0. What is the hundreds digit of u?
4
Let v = -535 + 837. Let w = 448 - v. What is the tens digit of w?
4
Let l = 52 - -4. Let b be 6/(-8) - 5278/l. What is the units digit of (-2)/5 + (-4)/(-10) - b?
5
Suppose -9*t - 12 = -6*t, -3*p + 118522 = -t. What is the hundreds digit of p?
5
Let x = -146 - -137. Let t(z) = z**3 + 11*z**2 - 2*z + 16. What is the hundreds digit of t(x)?
1
Let u be (-1 + 118/3)*6/5. Suppose u*k - 34344 = 19*k. What is the thousands digit of k?
1
Suppose -5 = 5*b, 0 = 3*z + 948*b - 947*b - 193232. What is the units digit of z?
1
Suppose 60*p + 644480 = 144*p + 76*p. What is the hundreds digit of p?
0
Let t be (-8)/10 - (-2)/(-10). Let c be (0 - t) + 3 + -1. Suppose -3*z + 15 = 0, 16 = 5*q + c*z - 584. What is the hundreds digit of q?
1
Let q be (10/4)/((-2)/28*-7). Suppose 2*d + q*v - 50 = -3*d, -2*d + 3*v + 25 = 0. What is the tens digit of d?
1
Suppose 0 = -4*f + 202 + 30. Suppose -92 = -10*v + f. What is the tens digit of 1*9/(-6)*(-1460)/v?
4
Suppose x + 4*v - 5*v - 811 = 0, 5*v - 2425 = -3*x. Suppose x = 17*m - 12*m. What is the units digit of m?
2
Let o(h) be the first derivative of h**5/20 - 2*h**4/3 + h**3/6 - 4*h**2 - 10*h - 17. Let l(v) be the first derivative of o(v). What is the units digit of l(9)?
2
Let d = -626 + 628. Suppose -4242 = d*h - 9*h. What is the units digit of h?
6
Let p be -40*2/5*-3. Suppose 5*b = -4*w + 1, -12*w = -9*w + b + 13. Let x = p + w. What is the tens digit of x?
4
Let n(w) be the second derivative of -4*w**3/3 - 6*w**2 + 10*w. Let s be n(-4). Let d = 23 + s. What is the tens digit of d?
4
Let h(y) = 61*y**3 + 21*y**2 - 8*y - 77. What is the thousands digit of h(7)?
1
Suppose -3*b - 4*k - 7 = 0, -5*b + 8*b - 2*k - 17 = 0. What is the tens digit of 0 + 5 + -4 + (573 - b)?
7
Suppose 5*a + 5*g = 0, -5*a + 2*g - g = -18. What is the hundreds digit of 254*(a + -2) - 2?
2
Suppose 0 = -7*z - 1256 + 26085. Suppose 17*g + 997 = z. What is the units digit of g?
0
Let w(f) = -3*f**2 - 101*f + 74. Let b be w(-31). Let n = b + -148. What is the tens digit of n?
7
Let k = 522 + 314. What is the units digit of (k/7)/((-4)/(-14))?
8
Suppose 18 = -2*u - 4*z - 10, 0 = -4*u - 2*z - 26. Let f = -148 - -56. Let w = u - f. What is the units digit of w?
8
Let x = 388 - 263. Let o = x + -129. What is the units digit of -69*2/o*4?
8
Let y(k) = -k**3 - 8*k**2 + 2*k + 7. Let u be y(-8). Let z be ((-2)/3)/(2/u). Suppose -3*p - 5 = j - 67, -4*p + 176 = z*j. What is the tens digit of j?
5
Suppose -416*f = -422*f + 36582. What is the hundreds digit of f?
0
Suppose 106 = -3*f - 29. What is the units digit of ((-390)/f)/((-2)/(-75))?
5
Suppose 5*g - 4*g - 5 = 0. Suppose -2*c = -c + g*l - 200, -3*c = 5*l - 600. Suppose -8*a + c = -640. What is the hundreds digit of a?
1
Let p(k) = 704*k**2 - 137*k + 13. What is the tens digit of p(-4)?
2
Suppose 9*b + 9*b - 23220 = 0. What is the tens digit of b?
9
Let q(j) = 7*j**3 - j**2 - j. Let d be q(-1). Let x be ((364/(-12))/d)/((-1)/(-3)). What is the units digit of 5*(x - (1 + 1))?
5
Let o(g) = g**3 + 25*g**2 + 4*g - 60. What is the hundreds digit of o(-20)?
8
Suppose 1982 = 4*f - 3*g, -505 = -3*f + 2*f - 4*g. Let m = f - 308. Let q = m - 114. What is the units digit of q?
5
Suppose 2*z + 10 = 3*i - 0*z, -5 = i + z. Let w be i/((0 - (-2)/2)*2). Suppose -2*s + 2*b = 3*s - 660, w = b. What is the tens digit of s?
3
Let f(h) = 481*h + 14. Let k be f(11). Suppose 3*x - 3201 = 3*w, -48*x = -53*x - w + k. What is the thousands digit of x?
1
Let u = -13017 - -16982. What is the hundreds digit of u?
9
Let j(u) = -5*u**3 + 5*u**2 + 8*u - 2. Let y be j(-4). Suppose 5*d - 3 = 7, 2*f - 2*d = y. What is the tens digit of f?
8
Suppose -2*a + 248 = -210. Let j = 600 - a. What is the tens digit of j?
7
Suppose -3*c = u - 8*c - 4805, 0 = -u + c + 4817. What is the units digit of u?
0
Suppose -2*q + 2*q - 85836 = -46*q. What is the tens digit of q?
6
Let j be (-29298)/8*(6 - 26/3). Sup